{"id":13,"date":"2010-08-26T22:36:11","date_gmt":"2010-08-26T22:36:11","guid":{"rendered":"http:\/\/serafimfernandes.pt\/?page_id=13"},"modified":"2023-01-04T17:23:40","modified_gmt":"2023-01-04T17:23:40","slug":"contactos","status":"publish","type":"page","link":"https:\/\/serafimfernandes.pt\/?page_id=13","title":{"rendered":"Contactos"},"content":{"rendered":"<p><strong>SERAFIM ADELINO GON\u00c7ALVES FERNANDES<\/strong><\/p>\n<p>Avenida Padre Manuel Alves do Rego \u2013 armz. n\u00ba. 108<br \/>\n4470-330 VERMOIM \u2013 MAIA<\/p>\n<h4>Telefones: 22 948 4205 \/ 22 947 6807<\/h4>\n<p>Chamada para a rede fixa nacional<\/p>\n<h4>Fax 22 947 1658<\/h4>\n<p>Chamada para rede m\u00f3vel nacional<\/p>\n<p>Email: geral@serafimfernandes.pt<br \/>\n<iframe loading=\"lazy\" src=\"http:\/\/maps.google.com\/maps?cid=633671223675147804&amp;ie=UTF8&amp;hq=+loc:+&amp;hnear=&amp;t=h&amp;ll=41.239803,-8.609033&amp;spn=0.007745,0.013733&amp;z=16&amp;iwloc=A&amp;output=embed\" width=\"640\" height=\"480\" frameborder=\"0\" marginwidth=\"0\" marginheight=\"0\" scrolling=\"no\"><\/iframe><br \/>\n<small><a style=\"color: #0000ff; text-align: left;\" href=\"http:\/\/maps.google.com\/maps?cid=633671223675147804&amp;ie=UTF8&amp;hq=+loc:+&amp;hnear=&amp;t=h&amp;ll=41.239803,-8.609033&amp;spn=0.007745,0.013733&amp;z=16&amp;iwloc=A&amp;source=embed\">Ver mapa maior no Google Maps<\/a><\/small><\/p>\n<p><a href=\"http:\/\/www.bing.com\/maps\/explore\/#\/5hl8ov5qfodhdj89\">Ver a localiza\u00e7\u00e3o no Bing Maps<\/a><\/p>\n<hr \/>\n","protected":false},"excerpt":{"rendered":"<p>SERAFIM ADELINO GON\u00c7ALVES FERNANDES Avenida Padre Manuel Alves do Rego \u2013 armz. n\u00ba. 108 4470-330 VERMOIM \u2013 MAIA Telefones: 22 948 4205 \/ 22 947 6807 Chamada para a rede fixa nacional Fax 22 947 1658 Chamada para rede m\u00f3vel nacional Email: geral@serafimfernandes.pt Ver mapa maior no Google Maps Ver a localiza\u00e7\u00e3o no Bing Maps<\/p>\n","protected":false},"author":1,"featured_media":0,"parent":0,"menu_order":2,"comment_status":"closed","ping_status":"open","template":"","meta":{"_kad_post_transparent":"","_kad_post_title":"","_kad_post_layout":"","_kad_post_sidebar_id":"","_kad_post_content_style":"","_kad_post_vertical_padding":"","_kad_post_feature":"","_kad_post_feature_position":"","_kad_post_header":false,"_kad_post_footer":false,"_kad_post_classname":"","footnotes":""},"class_list":["post-13","page","type-page","status-publish","hentry"],"_links":{"self":[{"href":"https:\/\/serafimfernandes.pt\/index.php?rest_route=\/wp\/v2\/pages\/13","targetHints":{"allow":["GET"]}}],"collection":[{"href":"https:\/\/serafimfernandes.pt\/index.php?rest_route=\/wp\/v2\/pages"}],"about":[{"href":"https:\/\/serafimfernandes.pt\/index.php?rest_route=\/wp\/v2\/types\/page"}],"author":[{"embeddable":true,"href":"https:\/\/serafimfernandes.pt\/index.php?rest_route=\/wp\/v2\/users\/1"}],"replies":[{"embeddable":true,"href":"https:\/\/serafimfernandes.pt\/index.php?rest_route=%2Fwp%2Fv2%2Fcomments&post=13"}],"version-history":[{"count":16,"href":"https:\/\/serafimfernandes.pt\/index.php?rest_route=\/wp\/v2\/pages\/13\/revisions"}],"predecessor-version":[{"id":85,"href":"https:\/\/serafimfernandes.pt\/index.php?rest_route=\/wp\/v2\/pages\/13\/revisions\/85"}],"wp:attachment":[{"href":"https:\/\/serafimfernandes.pt\/index.php?rest_route=%2Fwp%2Fv2%2Fmedia&parent=13"}],"curies":[{"name":"wp","href":"https:\/\/api.w.org\/{rel}","templated":true}]}}