{"id":21,"date":"2010-08-26T22:45:45","date_gmt":"2010-08-26T22:45:45","guid":{"rendered":"http:\/\/serafimfernandes.pt\/?page_id=21"},"modified":"2023-09-29T15:51:25","modified_gmt":"2023-09-29T15:51:25","slug":"cordoes","status":"publish","type":"page","link":"https:\/\/serafimfernandes.pt\/?page_id=21","title":{"rendered":"Cord\u00f5es"},"content":{"rendered":"<p><a href=\"http:\/\/serafimfernandes.pt\/wp-content\/uploads\/2023\/09\/IMG_20230731_103832.jpg\"><img loading=\"lazy\" decoding=\"async\" class=\"alignright size-medium wp-image-130\" src=\"http:\/\/serafimfernandes.pt\/wp-content\/uploads\/2023\/09\/IMG_20230731_103832-135x300.jpg\" alt=\"\" width=\"135\" height=\"300\" srcset=\"https:\/\/serafimfernandes.pt\/wp-content\/uploads\/2023\/09\/IMG_20230731_103832-135x300.jpg 135w, https:\/\/serafimfernandes.pt\/wp-content\/uploads\/2023\/09\/IMG_20230731_103832-461x1024.jpg 461w, https:\/\/serafimfernandes.pt\/wp-content\/uploads\/2023\/09\/IMG_20230731_103832.jpg 584w\" sizes=\"auto, (max-width: 135px) 100vw, 135px\" \/><\/a><a href=\"http:\/\/serafimfernandes.pt\/wp-content\/uploads\/2023\/09\/IMG_20230731_103934.jpg\"><img loading=\"lazy\" decoding=\"async\" class=\"size-medium wp-image-129 alignleft\" src=\"http:\/\/serafimfernandes.pt\/wp-content\/uploads\/2023\/09\/IMG_20230731_103934-135x300.jpg\" alt=\"\" width=\"135\" height=\"300\" srcset=\"https:\/\/serafimfernandes.pt\/wp-content\/uploads\/2023\/09\/IMG_20230731_103934-135x300.jpg 135w, https:\/\/serafimfernandes.pt\/wp-content\/uploads\/2023\/09\/IMG_20230731_103934-461x1024.jpg 461w, https:\/\/serafimfernandes.pt\/wp-content\/uploads\/2023\/09\/IMG_20230731_103934-768x1707.jpg 768w, https:\/\/serafimfernandes.pt\/wp-content\/uploads\/2023\/09\/IMG_20230731_103934-691x1536.jpg 691w, https:\/\/serafimfernandes.pt\/wp-content\/uploads\/2023\/09\/IMG_20230731_103934.jpg 900w\" sizes=\"auto, (max-width: 135px) 100vw, 135px\" \/><\/a>Fabricamos quase todo o tipo de cord\u00f5es:<\/p>\n<p>\u2013 Cord\u00e3o Sirgaria, com ou sem banda:\u00a0 a sua aplica\u00e7\u00e3o \u00e9 muito diversa, mas est\u00e3o muito identificados com as confec\u00e7\u00f5es, esfofadores, decoradores, floristas, etc.;<\/p>\n<p>\u2013 Cord\u00f5es para mobili\u00e1rio, em v\u00e1rias espessura e cores, para confec\u00e7\u00e3o, asas de sacos etc.<\/p>\n<p>\u2013 Cord\u00f5es para estofos (vivos)<\/p>\n<p data-wp-editing=\"1\">\n","protected":false},"excerpt":{"rendered":"<p>Fabricamos quase todo o tipo de cord\u00f5es: \u2013 Cord\u00e3o Sirgaria, com ou sem banda:\u00a0 a sua aplica\u00e7\u00e3o \u00e9 muito diversa, mas est\u00e3o muito identificados com as confec\u00e7\u00f5es, esfofadores, decoradores, floristas, etc.; \u2013 Cord\u00f5es para mobili\u00e1rio, em v\u00e1rias espessura e cores, para confec\u00e7\u00e3o, asas de sacos etc. \u2013 Cord\u00f5es para estofos (vivos)<\/p>\n","protected":false},"author":1,"featured_media":0,"parent":0,"menu_order":3,"comment_status":"closed","ping_status":"open","template":"","meta":{"_kad_post_transparent":"","_kad_post_title":"","_kad_post_layout":"normal","_kad_post_sidebar_id":"","_kad_post_content_style":"","_kad_post_vertical_padding":"","_kad_post_feature":"","_kad_post_feature_position":"","_kad_post_header":false,"_kad_post_footer":false,"_kad_post_classname":"","footnotes":""},"class_list":["post-21","page","type-page","status-publish","hentry"],"_links":{"self":[{"href":"https:\/\/serafimfernandes.pt\/index.php?rest_route=\/wp\/v2\/pages\/21","targetHints":{"allow":["GET"]}}],"collection":[{"href":"https:\/\/serafimfernandes.pt\/index.php?rest_route=\/wp\/v2\/pages"}],"about":[{"href":"https:\/\/serafimfernandes.pt\/index.php?rest_route=\/wp\/v2\/types\/page"}],"author":[{"embeddable":true,"href":"https:\/\/serafimfernandes.pt\/index.php?rest_route=\/wp\/v2\/users\/1"}],"replies":[{"embeddable":true,"href":"https:\/\/serafimfernandes.pt\/index.php?rest_route=%2Fwp%2Fv2%2Fcomments&post=21"}],"version-history":[{"count":11,"href":"https:\/\/serafimfernandes.pt\/index.php?rest_route=\/wp\/v2\/pages\/21\/revisions"}],"predecessor-version":[{"id":150,"href":"https:\/\/serafimfernandes.pt\/index.php?rest_route=\/wp\/v2\/pages\/21\/revisions\/150"}],"wp:attachment":[{"href":"https:\/\/serafimfernandes.pt\/index.php?rest_route=%2Fwp%2Fv2%2Fmedia&parent=21"}],"curies":[{"name":"wp","href":"https:\/\/api.w.org\/{rel}","templated":true}]}}

Cordões

<p><a href="http://serafimfernandes.pt/wp-content/uploads/2023/09/IMG_20230731_103832.jpg"><img loading="lazy" decoding="async" class="alignright size-medium wp-image-130" src="http://serafimfernandes.pt/wp-content/uploads/2023/09/IMG_20230731_103832-135x300.jpg" alt="" width="135" height="300" srcset="https://serafimfernandes.pt/wp-content/uploads/2023/09/IMG_20230731_103832-135x300.jpg 135w, https://serafimfernandes.pt/wp-content/uploads/2023/09/IMG_20230731_103832-461x1024.jpg 461w, https://serafimfernandes.pt/wp-content/uploads/2023/09/IMG_20230731_103832.jpg 584w" sizes="auto, (max-width: 135px) 100vw, 135px" /></a><a href="http://serafimfernandes.pt/wp-content/uploads/2023/09/IMG_20230731_103934.jpg"><img loading="lazy" decoding="async" class="size-medium wp-image-129 alignleft" src="http://serafimfernandes.pt/wp-content/uploads/2023/09/IMG_20230731_103934-135x300.jpg" alt="" width="135" height="300" srcset="https://serafimfernandes.pt/wp-content/uploads/2023/09/IMG_20230731_103934-135x300.jpg 135w, https://serafimfernandes.pt/wp-content/uploads/2023/09/IMG_20230731_103934-461x1024.jpg 461w, https://serafimfernandes.pt/wp-content/uploads/2023/09/IMG_20230731_103934-768x1707.jpg 768w, https://serafimfernandes.pt/wp-content/uploads/2023/09/IMG_20230731_103934-691x1536.jpg 691w, https://serafimfernandes.pt/wp-content/uploads/2023/09/IMG_20230731_103934.jpg 900w" sizes="auto, (max-width: 135px) 100vw, 135px" /></a>Fabricamos quase todo o tipo de cordões:</p>
<p>– Cordão Sirgaria, com ou sem banda:  a sua aplicação é muito diversa, mas estão muito identificados com as confecções, esfofadores, decoradores, floristas, etc.;</p>
<p>– Cordões para mobiliário, em várias espessura e cores, para confecção, asas de sacos etc.</p>
<p>– Cordões para estofos (vivos)</p>
<p data-wp-editing="1">

<p>Fabricamos quase todo o tipo de cordões: – Cordão Sirgaria, com ou sem banda:  a sua aplicação é muito diversa, mas estão muito identificados com as confecções, esfofadores, decoradores, floristas, etc.; – Cordões para mobiliário, em várias espessura e cores, para confecção, asas de sacos etc. – Cordões para estofos (vivos)</p>
